73160
Convert 20202201212122 (base 3) to base 13.
98c1a7
Convert 31ec0c (base 15) to base 16.
244bd8
What is -5774315 (base 9) in base 7?
-35342120
What is 50521044 (base 7) in base 6?
230100303
101001010001001 (base 2) to base 6
241453
What is 970349 (base 11) in base 4?
11322333222
Convert -10101001101110011001 (base 2) to base 13.
-1b4575
Convert -2201122 (base 7) to base 4.
-1001300020
What is 33cae (base 16) in base 9?
353003
Convert -7e070 (base 16) to base 9.
-866084
38255 (base 10) to base 11
26818
2465336 (base 7) to base 5
40200241
What is 14642677 (base 8) in base 15?
46592b
What is 1736291 (base 10) in base 14?
332a8b
41514300 (base 8) to base 2
100001101001100011000000
-502605 (base 7) to base 8
-246034
What is 20021003 (base 5) in base 11?
a8479
What is 93507 (base 15) in base 4?
1301333002
-255577 (base 8) to base 13
-31650
Convert -5064463 (base 7) to base 3.
-1010200220011
What is -142a04 (base 12) in base 2?
-1010010001100100100
Convert -3949c5 (base 16) to base 11.
-2134845
-10011001101100000100010 (base 2) to base 11
-292a742
What is 121011102102021 (base 3) in base 4?
200301030133
Convert 14b489 (base 16) to base 3.
2112221100221
Convert -1022200011100 (base 3) to base 10.
-702144
Convert -3223422011 (base 5) to base 13.
-1561559
Convert -1023224403 (base 5) to base 4.
-20100122001
Convert -4441222 (base 5) to base 15.
-18042
What is -11dd83a (base 16) in base 12?
-6334b0a
Convert -6560505 (base 7) to base 9.
-1455613
Convert 40176 (base 9) to base 3.
1100012120
121101000002 (base 3) to base 11
2000a8
What is 253443 (base 8) in base 15?
1b063
What is -6680 (base 11) in base 15?
-291a
Convert -32524004 (base 6) to base 7.
-11201623
-424203 (base 5) to base 3
-201121202
Convert 11441603 (base 9) to base 2.
10101010001110101010100
-701182 (base 9) to base 11
-263240
What is -896367 (base 10) in base 13?
-254cc4
Convert 13231107 (base 8) to base 7.
34114354
127883 (base 9) to base 3
10221222210
What is 6412636 (base 10) in base 5?
3120201021
-570676 (base 9) to base 11
-213821
What is -5523532 (base 6) in base 7?
-2225333
Convert 105537 (base 8) to base 4.
20231133
Convert -414375 (base 8) to base 2.
-100001100011111101
What is -3210203112 (base 4) in base 9?
-1676136
Convert -2024022134 (base 5) to base 2.
-1111101111011101010000
What is 661252 (base 10) in base 13?
1a1c97
What is 145522240 (base 6) in base 10?
3074640
What is -111121433 (base 5) in base 2?
-1110111011000100001
What is -41194a (base 11) in base 14?
-133011
Convert 110001011000011010111 (base 2) to base 6.
54403211
What is 184966 (base 13) in base 12?
25513a
88754 (base 13) to base 4
330120110
What is -2749 (base 15) in base 8?
-20312
What is 133511 (base 13) in base 7?
3643004
-34164654 (base 7) to base 4
-23112012333
12ab491 (base 13) to base 8
26334236
-3610a (base 12) to base 3
-10200202201
Convert 764492 (base 10) to base 12.
30a4b8
What is -1f99b0 (base 16) in base 4?
-13321212300
What is -52671663 (base 8) in base 4?
-222313032303
Convert -311330 (base 6) to base 11.
-17837
What is -101100221 (base 4) in base 2?
-10001010000101001
What is 3130066 (base 7) in base 6?
12025221
-562102 (base 7) to base 15
-1e5bd
Convert 12303202132 (base 4) to base 9.
3318124
23134212 (base 5) to base 13
73ca6
What is -3020023001 (base 4) in base 2?
-11001000001011000001
Convert -52221 (base 12) to base 7.
-625156
-160dc73 (base 15) to base 14
-21a47b0
What is -8bc756 (base 13) in base 2?
-1100101000101000000101
What is 1100001111001001 (base 2) in base 8?
141711
What is 59b22 (base 13) in base 8?
501161
277573 (base 8) to base 2
10111111101111011
What is -42114041 (base 6) in base 14?
-23b9c5
Convert -2440222 (base 5) to base 11.
-31882
110001011101111 (base 2) to base 13
b6b3
What is -8201245 (base 9) in base 3?
-22020001021112
-3eab80 (base 15) to base 10
-3023220
Convert -44021030 (base 6) to base 16.
-13fa0a
Convert 375077 (base 9) to base 16.
375e5
Convert -64530a1 (base 11) to base 3.
-210100200110221
Convert 33451423 (base 6) to base 14.
1c6c75
Convert -11001100000001101010 (base 2) to base 8.
-3140152
-546b0 (base 12) to base 13
-3ba39
-442341505 (base 6) to base 15
-a739a8
Convert 29147 (base 16) to base 8.
510507
-2248188 (base 9) to base 10
-1213217
-12203442 (base 5) to base 15
-24617
What is 421214243 (base 5) in base 6?
101155555
Convert -4654465 (base 7) to base 16.
-8ed62
-5065014 (base 8) to base 7
-14241330
-112036 (base 8) to base 14
-db66
363445 (base 13) to base 11
803143
What is -53ba2 (base 15) in base 4?
-1000322111
4133022213 (base 5) to base 13
19b1681
-154543101 (base 6) to base 15
-455e14
Convert 404899 (base 10) to base 2.
1100010110110100011
What is -52433 (base 7) in base 10?
-12911
What is 1093bb (base 13) in base 16?
5fa2f
Convert -10303566 (base 7) to base 2.
-11010101101100010110
-33604 (base 7) to base 9
-12627
What is -7d382f (base 16) in base 11?
-46a5639
What is 180273 (base 9) in base 8?
332225
222202110 (base 3) to base 7
110604
What is -42322c (base 14) in base 3?
-11012122022011
What is 1a3ad (base 15) in base 4?
110303131
Convert e5302c (base 15) to base 14.
1638458
-157707 (base 8) to base 16
-dfc7
ed891 (base 15) to base 3
1102100001201
103100023 (base 4) to base 8
232013
Convert 89767 (base 12) to base 4.
230203333
What is -103814 (base 9) in base 12?
-2b9a1
-1754b (base 15) to base 10
-75446
400012221 (base 5) to base 16
17db2c
141564 (base 8) to base 10
50036
Convert 10f08c (base 16) to base 7.
12302415
What is -56dd86 (base 14) in base 15?
-3d666e
What is -21693 (base 15) in base 4?
-121322001
Convert 1996088 (base 10) to base 6.
110441052
52323500 (base 6) to base 14
2b7bac
What is -4120222 (base 6) in base 10?
-197078
-2287380 (base 9) to base 4
-10232131212
What is 410973 (base 11) in base 6?
22051342
90752 (base 10) to base 3
11121111012
Convert -101440112 (base 5) to base 8.
-1466642
What is -123210221 (base 4) in base 15?
-236e2
39c188 (base 16) to base 15
4eb79b
8a316 (base 13) to base 2
111101010001101000
Convert -752ce0 (base 16) to base 11.
-4375551
Convert 212220000020 (base 3) to base 16.
72cc3
1374668 (base 11) to base 15
31a3a0
Convert -1232182 (base 13) to base 5.
-2422102442
What is -9506d (base 14) in base 16?
-57c89
Convert 15c4a (base 16) to base 8.
256112
Convert -2262c (base 15) to base 11.
-75208
What is 3204254 (base 6) in base 4?
212031022
389732 (base 10) to base 8
1371144
Convert -4887a9 (base 11) to base 15.
-10404b
-10143676 (base 8) to base 9
-4033804
142396 (base 12) to base 13
b9ab1
What is 1010102001222 (base 3) in base 9?
1112058
Convert 5a4a74 (base 14) to base 13.
840a31
Convert 14018 (base 16) to base 7.
460622
What is -121164 (base 8) in base 13?
-15c11
2201141 (base 6) to base 8
325125
What is -9b7f0 (base 16) in base 9?
-1170610
-1221001220100 (base 3) to base 5
-230244102
-498c0 (base 13) to base 14
-37565
Convert 41b43 (base 12) to base 2.
10101000100100011
What is -11124031 (base 9) in base 7?
-63544621
What is 27a6011 (base 11) in base 10?
4824887
What is 14020005 (base 6) in base 3?
212211120012
1221122221021 (base 3) to base 14
1cdaa3
-22002011201 (base 4) to base 3
-11221121122212
What is 16500650 (base 7) in base 13?
446717
What is 192180 (base 10) in base 13?
69621
Convert -1335140 (base 6) to base 9.
-123806
Convert -73938 (base 10) to base 16.
-120d2
Convert 1121121110220 (base 3) to base 4.
3101210031
-105cc60 (base 15) to base 4
-230211102000
-1033003003 (base 4) to base 15
-65e04
What is 1b205b (base 14) in base 5?
221402334
What is 11402502 (base 7) in base 8?
3663311
What is 6303041 (base 9) in base 3?
20100010001101
98c01 (base 13) to base 3
112001111110
-572a9 (base 15) to base 4
-1003231233
Convert -15513 (base 10) to base 8.
-36231
142931 (base 12) to base 8
1221265
Convert -6431910 (base 10) to base 6.
-345505210
Convert -404100232 (base 5) to base 13.
-450137
341351 (base 8) to base 14
300d3
What is 483466 (base 9) in base 7?
2322066
Convert -1865e (base 16) to base 2.
-11000011001011110
What is -1a43a2 (base 11) in base 10?
-313260
What is -543060 (base 7) in base 8?
-270766
47214 (base 11) to base 8
205052
What is 46812 (base 9) in base 10?
31277
-11020202101210 (base 3) to base 13
-611139
What is 1011212313 (base 4) in base 6?
10035543
What is -2000000120